+ 2*x - 3*w. Suppose -3*g - x = -c, 0*c + 39 = c - g. Let q = 24 - -149. Calculate the remainder when q is divided by c.
33
Let l = -91 + 242. What is the remainder when l is divided by 144?
7
Suppose 0 = 5*m + k + 9, 3*k = -2*m - 2*k - 22. What is the remainder when -8 + 3 + (-21)/m is divided by 7?
2
Let o be (3 - 8)/(-5) + (26 - -2). Suppose 3*a = -o + 35. Suppose v - 9*s + 13*s = 75, -a*v + 2*s = -140. What is the remainder when v is divided by 15?
11
Let k(n) = -n + 22. What is the remainder when 1095 is divided by k(-5)?
15
Suppose 5*c + 5*r - 2545 = 0, 5*r + 1018 = 2*c + 2*r. Calculate the remainder when c is divided by 162.
23
Let v(z) = -2*z - 4. Let q be v(4). Let j = q - -27. Let d(m) = -3*m**3 + 3*m**2 + 171*m + 5. What is the remainder when d(8) is divided by j?
14
Suppose a = -4*a + 180. Let s(l) be the first derivative of 5*l**3/3 + 17*l**2 - 30*l - 756. Calculate the remainder when s(-9) is divided by a.
33
Suppose -3*t + 92 = h, 9*h = 14*h + 2*t - 434. What is the remainder when 272 is divided by h?
14
Suppose 138*a + 852 = 150*a. Let f = 92 - 66. What is the remainder when a is divided by f?
19
Suppose -j - 56 = -5*l, -j = -4*j + 12. Suppose 2*p = -l - 0. Calculate the remainder when (-54)/(-18) - (p - 0) is divided by 3.
0
Let h(p) = 89*p - 29*p + 61 - 29*p + 2 - 30*p. Calculate the remainder when h(-5) is divided by 18.
4
Suppose -168 = -28*z + 14*z. Calculate the remainder when 242 is divided by z.
2
Suppose q - 222 = -2*a, -243 = -10*q + 9*q + 5*a. Suppose -3*l + 65 = 2. What is the remainder when q is divided by l?
18
Suppose 181*a + 61848 = 114*a + 91*a. Calculate the remainder when a is divided by 1288.
1
Calculate the remainder when ((-4)/5)/(-12 - (-9058)/755) is divided by 56.
22
Let i = -6700 - -6821. What is the remainder when 4474 is divided by i?
118
Let y be 40/15*(-105)/(-10). Suppose 3*f = -3*i + 27, f = -2*f - 2*i + y. What is the remainder when 24 is divided by f?
4
Let f(g) = -3*g - 1. Let b = 11 - 25. What is the remainder when f(b) is divided by (26 - 8) + 5/1 + 0?
18
Suppose -d + 864 = 15*d. What is the remainder when d is divided by 15?
9
Suppose -1656 = 7*s - 7298. Calculate the remainder when s is divided by 14.
8
Calculate the remainder when 308/(-220) - 2781/(-15) is divided by 2.
0
Let a(f) = 15*f - 45. Let x(z) = z**2 + 5*z - 1. Let s(j) = -a(j) + 3*x(j). What is the remainder when s(8) is divided by 44?
14
Suppose 1045*j = 1040*j + 60. Let g be (9 - 10)/((-2)/4). Suppose 17 = x - f, -g*f = -4*f + 4. What is the remainder when x is divided by j?
7
Suppose 2*f + 5*t - 343 = 0, 3*f - 4*t = -55 + 558. What is the remainder when f is divided by (-126 + 128)*25/40*(38 - 2)?
34
Let n(c) = -7*c + 56. Let q = -16 + 11. What is the remainder when 756/15 + 2/q is divided by n(4)?
22
Suppose -10*y = -13*y - 3. Calculate the remainder when 5 is divided by 7/((-56)/16)*y.
1
Let a(f) = -f**2 + 10*f + 14. Let w be a(11). Suppose -w*z = 6, 3*z = -2*h - 2*z + 38. Let k = h - 15. Calculate the remainder when 25 is divided by k.
7
Suppose 4*q + v = 1080, 8*v = 2*q + 4*v - 558. What is the remainder when q is divided by 5*8*(-26)/(-65)?
15
Let w = 4558 - 2213. Calculate the remainder when w is divided by 10.
5
Let u(o) = -56*o + 17. Let f be u(5). Let i = f - -300. What is the remainder when i is divided by 8?
5
Let t(i) = 829*i**2 - 6. What is the remainder when t(-1) is divided by 45?
13
Let v(o) = 60*o**2 + 47*o + 205. What is the remainder when v(-5) is divided by 46?
44
Let p = 2192 - 1538. Let g(x) = -x**3 - 2*x**2 + 5*x - 1. Calculate the remainder when p/10*120/72 is divided by g(-4).
10
Calculate the remainder when 2/(-38) + (-138348)/(-532) is divided by 45.
35
Let r = 200 + -98. Suppose 444 + 771 = 27*y. Calculate the remainder when r is divided by y.
12
Let p(h) = -h**2 - 10*h + 4. Let b(k) = k**3 + 5*k**2 + 5*k + 4. Let d be b(-4). Suppose d*q = 2*q + 14. Calculate the remainder when p(q) is divided by 9.
7
Suppose 0 = -2*y - y + 2*j - 416, -4*j + 412 = -3*y. What is the remainder when 109 is divided by (-3556)/y - (1 - 6/10)?
9
Suppose 4*s + r = 9*s - 3011, -2*s + 3*r = -1207. Calculate the remainder when s is divided by 272.
58
Let k = -153 + 260. Suppose 12*w + 80 - 1976 = 0. Let h = w - k. What is the remainder when h is divided by 13?
12
Let r(c) = 3*c**2 + c + 1. Let m(g) = 19*g + 79. Let n be m(-4). Suppose -27*t + n = -26*t. Calculate the remainder when r(-2) is divided by t.
2
Let m be (96/(-60))/(12/(-15)). Suppose 6*v - v = -5, 0 = -m*y + 3*v + 119. Let r = -402 - -575. What is the remainder when r is divided by y?
57
Calculate the remainder when 2055 is divided by (-12)/(-21) + (-94)/(-7).
11
Let c = 41 - -6. Calculate the remainder when c is divided by 2/(-76) + 10894/988.
3
Let u(r) = 3*r**2 - 6*r + 7. Let y be u(3). Suppose -w - 47 = -y. Let h = 64 + w. Calculate the remainder when 131 is divided by h.
32
What is the remainder when 8052/10 + 117/(-135) + (-65)/(-39) is divided by 82?
68
Suppose -6*k = -3*k - 2*l - 22, 3*k - 42 = -3*l. Suppose 3*y + k*c - 95 = 14*c, -163 = -5*y + 2*c. Calculate the remainder when 184 is divided by y.
19
Let o = -5489 - -9162. Calculate the remainder when o is divided by 49.
47
Suppose 418*i = 417*i + 10. Suppose -30*g - i = -35*g. Suppose s + 4 = 2*n, -5*n = -6*s + 2*s - 4. Calculate the remainder when n is divided by g.
0
Let j(n) = -n**2 - 71*n + 23. Suppose 2556 = -198*g + 162*g. Let a(w) = -w**3 + 9*w**2 - 7*w - 8. Calculate the remainder when a(6) is divided by j(g).
12
Suppose 3*u - 4*y = 265, -5*u + 2*y + 657 = 192. Calculate the remainder when (1748/u)/((-6)/(-15)) is divided by 6/3 - (1 - 7).
6
Let q be 4*(-5)/(-4) - 1. Let m be q/6*(-78)/(-4). Suppose 0 = -4*n + m*n - 144. Calculate the remainder when 76 is divided by n.
12
Suppose -4*v = -19 - 1. Suppose 2*s - h = 3*s - 71, v*s = 3*h + 371. What is the remainder when s is divided by (-2)/2 - (0 + -39)?
35
Suppose -213149 = -19*x - 40013 + 3146. What is the remainder when x is divided by 13?
9
Calculate the remainder when 861 is divided by (70/56)/((-2)/(-88)) - 7.
45
Suppose 0 = 574*q - 4743 - 44621. Calculate the remainder when 489 is divided by q.
59
Suppose 8*z - 72 = 5*z. Calculate the remainder when -11*(-4)/396 + (-808)/(-18) is divided by z.
21
Let v be -5*((-6)/(-2))/3. Let c(q) = q + 20. Calculate the remainder when 57 is divided by c(v).
12
Let o be 2*(-50)/35*(-7)/4. Suppose 0 = 4*d + 8, 0 = 3*q - o*d + 54 - 238. What is the remainder when q is divided by 21?
16
Let y(x) = -11*x - 1. Let f be y(1). Let o = 1064 - 1072. Let l = o - f. What is the remainder when 13 is divided by l?
1
Suppose 5*c - 740 = -3*h + 579, 253 = c - 3*h. What is the remainder when c is divided by 193?
69
Suppose 4*f - 2*c - 42 = -f, 3*c = -3. Let l(r) = -8*r**3 - 2*r**2 + 1. Let p(x) = -x + 11. Let g be p(12). What is the remainder when f is divided by l(g)?
1
Suppose -143 = -5*l + 2*c, 3*l - 16 = 5*c + 47. What is the remainder when 334 is divided by l?
24
Let q(w) = w**3 + 6*w**2 + 5*w + 3. Let o be q(-5). What is the remainder when 239 is divided by (o - (-12 - 1)) + 5 + -1?
19
Let w = -7854 - -9624. What is the remainder when w is divided by 3?
0
Suppose 2*q + r + 72 = -2*r, 0 = -5*q + 5*r - 155. Let c = q + 61. Let u = 4 + 12. Calculate the remainder when c is divided by u.
12
Suppose -32*c + 26*c = 1332. Let m = c + 252. Calculate the remainder when m is divided by 16.
14
Let a(t) = 42*t + 215. Suppose 0 = 1102*b - 1100*b - 8. What is the remainder when a(b) is divided by 126?
5
Suppose -z = 7 - 10. Suppose 2*l + 5*s = 7, -3*s + 8*s + 23 = z*l. Suppose -6*f - 85 = -5*a - 3*f, -f = 5. Calculate the remainder when a is divided by l.
2
Suppose 2*g - 3 = 3*v - 20, 0 = 4*v + 2*g - 18. Calculate the remainder when (-31 - v)*(-16)/12 is divided by 21.
6
Let h be (3/(-2))/((-30)/2060). Suppose 5*o + s - 315 = 0, -3*s + h - 355 = -4*o. Calculate the remainder when o is divided by 32.
31
Let r = -86 - 7. Let n = 97 + r. Calculate the remainder when (-1012)/(-24) + n/(-24) is divided by 11.
9
Suppose 68*r + 6*r - 161636 = 6*r. What is the remainder when r is divided by 17?
14
Suppose -2*r + 94 = -31*s + 32*s, 274 = 3*s + 4*r. What is the remainder when s is divided by (-28)/(-42)*(-33)/(-2)?
9
Suppose -121*x = 